s 141213563 prime?
True
Is 84889081 prime?
True
Is 3779522 prime?
False
Is 5293199 a composite number?
False
Is 28471831 a prime number?
False
Is 2738707 a composite number?
False
Is 27172421 a composite number?
False
Is 1644547 a prime number?
True
Is 454819 composite?
True
Is 27568127 prime?
True
Is 10582211 composite?
True
Is 9359687 composite?
True
Is 1024763 a composite number?
True
Is 13096607 prime?
True
Is 136615097 prime?
False
Is 92813449 prime?
True
Is 4178207 prime?
False
Is 86460673 a composite number?
True
Is 55786817 prime?
True
Is 8270477 a prime number?
True
Is 173848709 prime?
True
Is 8440927 prime?
False
Is 28057657 a composite number?
True
Is 15168139 a prime number?
False
Is 48981877 prime?
False
Is 74534569 a prime number?
True
Is 1712329 a prime number?
True
Is 255504841 prime?
True
Is 24949937 a composite number?
True
Is 2113961 a prime number?
False
Is 112271413 composite?
False
Is 18366557 a prime number?
False
Is 16531789 a composite number?
False
Is 81773179 a composite number?
True
Is 7318283 a prime number?
False
Is 60893215 composite?
True
Is 40530631 composite?
True
Is 7543751 prime?
True
Is 409781585 a composite number?
True
Is 242776733 a composite number?
False
Is 2612893 composite?
False
Is 1558867 composite?
False
Is 79602293 prime?
True
Is 112075123 prime?
True
Is 14732665 composite?
True
Is 36749183 a prime number?
True
Is 10575697 a composite number?
True
Is 5779495 prime?
False
Is 8628393 prime?
False
Is 7285051 prime?
False
Is 253397 a composite number?
True
Is 30620631 a prime number?
False
Is 80184323 composite?
False
Is 39811029 composite?
True
Is 4518821 composite?
True
Is 2623658 a prime number?
False
Is 45182339 prime?
True
Is 56048059 composite?
False
Is 532307 a composite number?
False
Is 234083 prime?
True
Is 42570403 a composite number?
False
Is 13343353 a composite number?
False
Is 330665765 prime?
False
Is 786788447 composite?
False
Is 832591 a prime number?
True
Is 4115323 a composite number?
True
Is 8039849 composite?
False
Is 13460609 prime?
True
Is 29752781 a composite number?
False
Is 1711181 composite?
False
Is 125569 composite?
True
Is 50713423 a composite number?
True
Is 22450269 composite?
True
Is 5590139 a composite number?
True
Is 8138087 a composite number?
True
Is 6918533 a prime number?
True
Is 18176365 composite?
True
Is 49277537 composite?
True
Is 18184567 a composite number?
True
Is 58837963 composite?
False
Is 444276611 a prime number?
True
Is 48737357 composite?
False
Is 56166101 prime?
False
Is 347561 prime?
True
Is 24244523 a prime number?
True
Is 3683741 prime?
True
Is 138675289 a prime number?
True
Is 427623407 composite?
False
Is 21654419 a composite number?
False
Is 18042715 a composite number?
True
Is 122138867 composite?
False
Is 583841 a prime number?
True
Is 366709351 composite?
True
Is 1380371 composite?
True
Is 5967667 a composite number?
False
Is 71028401 a prime number?
True
Is 45768841 prime?
False
Is 37985477 a prime number?
False
Is 707411 a composite number?
True
Is 15091789 composite?
False
Is 44119399 composite?
False
Is 81331 composite?
False
Is 154939 a prime number?
False
Is 1728919 composite?
True
Is 350939 a composite number?
True
Is 3453026 a prime number?
False
Is 25757639 a prime number?
False
Is 297049 a composite number?
False
Is 452374457 a composite number?
False
Is 42804799 composite?
False
Is 1149121 a composite number?
True
Is 6157573 a prime number?
True
Is 12053921 composite?
True
Is 5961197 a prime number?
False
Is 34635247 a composite number?
True
Is 48907393 prime?
False
Is 16422701 a prime number?
False
Is 9002993 prime?
True
Is 36130051 a composite number?
True
Is 40892141 a composite number?
True
Is 498079 composite?
True
Is 6022667 a prime number?
False
Is 9255137 composite?
False
Is 355308847 a prime number?
True
Is 8180821 a composite number?
True
Is 44851315 a prime number?
False
Is 4307101 composite?
True
Is 1457569 a prime number?
False
Is 49221011 a prime number?
False
Is 34529069 a composite number?
True
Is 21090577 a prime number?
False
Is 68891 a prime number?
True
Is 8506037 a prime number?
False
Is 8896277 composite?
True
Is 1851877 a composite number?
False
Is 21324343 a composite number?
True
Is 474137149 a prime number?
True
Is 44769965 a composite number?
True
Is 70016783 prime?
True
Is 19346353 composite?
True
Is 55145227 a prime number?
False
Is 578794001 a composite number?
False
Is 11195999 a prime number?
True
Is 80969053 a prime number?
False
Is 58797619 prime?
True
Is 280097 composite?
False
Is 23609627 prime?
True
Is 22490557 composite?
True
Is 336075541 prime?
True
Is 45270553 composite?
False
Is 10554303 composite?
True
Is 9871091 prime?
False
Is 512653723 prime?
True
Is 49447579 composite?
False
Is 527538167 prime?
False
Is 55663591 prime?
True
Is 227107231 a composite number?
True
Is 30898801 a composite number?
True
Is 26058277 composite?
True
Is 123542677 prime?
True
Is 38526013 a prime number?
True
Is 914504243 a prime number?
True
Is 222669871 composite?
True
Is 204219263 a composite number?
True
Is 189311 a prime number?
True
Is 74647 composite?
True
Is 1881811 composite?
False
Is 16758653 composite?
True
Is 1852469 prime?
True
Is 6413347 prime?
False
Is 95207213 a prime number?
True
Is 2046887 prime?
False
Is 65555047 prime?
True
Is 187057631 a prime number?
True
Is 2164741 a composite number?
True
Is 634042 a composite number?
True
Is 15042427 prime?
True
Is 17022017 a composite number?
False
Is 179588633 prime?
False
Is 1462927 prime?
True
Is 4466051 composite?
False
Is 892303 a prime number?
False
Is 85965547 a prime number?
False
Is 11514001 prime?
True
Is 295920778 composite?
True
Is 1076234 composite?
True
Is 793913 prime?
False
Is 2955721 a prime number?
True
Is 6231901 a prime number?
False
Is 17312513 prime?
False
Is 293587 a prime number?
False
Is 194090941 a prime number?
False
Is 278551061 a composite number?
True
Is 110732243 a prime number?
True
Is 2133307 composite?
True
Is 84598981 composite?
False
Is 949835627 prime?
False
Is 316215719 a prime number?
True
Is 69266069 composite?
True
Is 615157 a composite number?
True
Is 416285327 composite?
False
Is 933427 composite?
True
Is 2714507 prime?
True
Is 40146313 a composite number?
True
Is 9384509 prime?
False
Is 8973101 prime?
True
Is 2337719 prime?
False
Is 10828481 composite?
False
Is 4181459 a composite number?
False
Is 201592979 a prime number?
False
Is 52029259 a prime number?
True
Is 16811341 prime?
True
Is 169361 a composite number?
False
Is 1283611 prime?
False
Is 11397689 a prime number?
True
Is 754703 a prime number?
True
Is 160307887 a composite number?
False
Is 435299207 composite?
True
Is 15590831 a prime number?
True
Is 9214819 a prime number?
True
Is 2786209 a prime number?
True
Is 12067037 composite?
False
Is 11318171 prime?
True
Is 2998079 a prime number?
False
Is 13838239 a prime number?
False
Is 27454447 composite?
False
Is 1688443 prime?
True
Is 898981 prime?
True
Is 259958077 a prime number?
True
Is 2295169 a composite number?
False
Is 15895363 prime?
False
Is 5849317 prime?
True
Is 14187703 composite?
False
Is 1888189 a prime number?
True
Is 12432617 prime?
False
Is 253937 a prime number?
True
Is 199691165 composite?
True
Is 1835737 a prime number?
True
Is 31025407 composite?
True
Is 315011 prime?
True
Is 5627047 composite?
False
Is 1251931 a composite number?
True
Is 11799917 prime?
False
Is 6155251 composite?
True
Is 23744087 composite?
True
Is 1158067 prime?
False
Is 100861037 prime?
False
Is 194655839 a composite number?
True
Is 1067321 composite?
True
Is 26725214 a composite number?
True
Is 4803709 composite?
False
Is 733379 composite?
True
Is 14501717 composite?
True
Is 5078839 a prime number?
True
Is 15351467 a prime number?
True
Is 20990513 prime?
False
Is 615007 a composite number?
True
Is 1783387 prime?
True
Is 39751633 composite?
True
Is 84795173 composite?
True
Is 145416917 a prime number?
False
Is 9535061 a composite number?
False
Is 5816731 a prime number?
True
Is 3587663 prime?
False
Is 24783887 a composite number?
False
Is 798377 composite?
True
Is 10443989 composite?
False
Is 30279187 prime?
True
Is 11066311 a prime number?
False
Is 207062579 a prime number?
True
Is 4446521 composite?
True
